{"id":24,"date":"2024-03-08T11:44:07","date_gmt":"2024-03-08T11:44:07","guid":{"rendered":"https:\/\/fonixfaktor.hu\/?page_id=24"},"modified":"2024-04-24T10:09:49","modified_gmt":"2024-04-24T10:09:49","slug":"kapcsolat","status":"publish","type":"page","link":"https:\/\/fonixfaktor.hu\/index.php\/kapcsolat\/","title":{"rendered":"Kapcsolat"},"content":{"rendered":"<p>[et_pb_section fb_built=&#8221;1&#8243; _builder_version=&#8221;4.24.3&#8243; _module_preset=&#8221;default&#8221; custom_padding=&#8221;||19px|3px||&#8221; global_colors_info=&#8221;{}&#8221; theme_builder_area=&#8221;post_content&#8221;][et_pb_row _builder_version=&#8221;4.24.3&#8243; _module_preset=&#8221;default&#8221; global_colors_info=&#8221;{}&#8221; theme_builder_area=&#8221;post_content&#8221;][et_pb_column type=&#8221;4_4&#8243; _builder_version=&#8221;4.24.3&#8243; _module_preset=&#8221;default&#8221; global_colors_info=&#8221;{}&#8221; theme_builder_area=&#8221;post_content&#8221;][et_pb_text _builder_version=&#8221;4.24.3&#8243; _module_preset=&#8221;default&#8221; header_font_size=&#8221;32px&#8221; hover_enabled=&#8221;0&#8243; global_colors_info=&#8221;{}&#8221; theme_builder_area=&#8221;post_content&#8221; sticky_enabled=&#8221;0&#8243;]<\/p>\n<header class=\"entry-header\">\n<hgroup>\n<h1 class=\"entry-title\" style=\"text-align: center;\">Kapcsolat<\/h1>\n<\/hgroup>\n<\/header>\n<div class=\"entry-content\"><\/div>\n<p>[\/et_pb_text][\/et_pb_column][\/et_pb_row][et_pb_row column_structure=&#8221;1_2,1_2&#8243; _builder_version=&#8221;4.24.3&#8243; _module_preset=&#8221;default&#8221; hover_enabled=&#8221;0&#8243; global_colors_info=&#8221;{}&#8221; theme_builder_area=&#8221;post_content&#8221; max_width=&#8221;90%&#8221; sticky_enabled=&#8221;0&#8243;][et_pb_column type=&#8221;1_2&#8243; _builder_version=&#8221;4.24.3&#8243; _module_preset=&#8221;default&#8221; global_colors_info=&#8221;{}&#8221; theme_builder_area=&#8221;post_content&#8221;][et_pb_text _builder_version=&#8221;4.24.3&#8243; _module_preset=&#8221;default&#8221; text_font_size=&#8221;23px&#8221; link_option_url_new_window=&#8221;on&#8221; hover_enabled=&#8221;0&#8243; global_colors_info=&#8221;{}&#8221; theme_builder_area=&#8221;post_content&#8221; sticky_enabled=&#8221;0&#8243; text_line_height=&#8221;1.6em&#8221;]<\/p>\n<p style=\"text-align: center;\">C\u00edm: 1118 Budapest, M\u00e9nesi \u00fat 104.<\/p>\n<p style=\"text-align: center;\">E-mail: <a href=\"mailto:info@fonixfaktor.hu\">info@fonixfaktor.hu<\/a><\/p>\n<p style=\"text-align: center;\">Telefonsz\u00e1m: +36 (1) 436-03-40<\/p>\n<p style=\"text-align: center;\">Telefonos \u00fcgyf\u00e9lszolg\u00e1latunk<\/p>\n<p style=\"text-align: center;\">rendelkez\u00e9s\u00e9re \u00e1ll:<\/p>\n<p style=\"text-align: center;\">h\u00e9tf\u0151: 8.00 \u2013 17.00<br \/>kedd \u2013 cs\u00fct\u00f6rt\u00f6k 8.00 \u2013 16.00<br \/>p\u00e9ntek 8.00 \u2013 15.00<\/p>\n<p style=\"text-align: center;\"><a href=\"https:\/\/app.gnmsolution.com\/apex\/gnm\/r\/casemanager-public\/start-case?P110_ORG_EXTERNAL_ID=FFZ&amp;P110_CASE_TYPE_EXTERNAL_ID=AVX1\">Vissza\u00e9l\u00e9s bejelent\u00e9s<\/a><\/p>\n<p>[\/et_pb_text][\/et_pb_column][et_pb_column type=&#8221;1_2&#8243; _builder_version=&#8221;4.24.3&#8243; _module_preset=&#8221;default&#8221; global_colors_info=&#8221;{}&#8221; theme_builder_area=&#8221;post_content&#8221;][et_pb_code _builder_version=&#8221;4.24.3&#8243; _module_preset=&#8221;default&#8221; theme_builder_area=&#8221;post_content&#8221; hover_enabled=&#8221;0&#8243; sticky_enabled=&#8221;0&#8243;]<iframe src=\"https:\/\/www.google.com\/maps\/embed?pb=!1m18!1m12!1m3!1d2696.2774635322908!2d19.02896287531341!3d47.48450789640204!2m3!1f0!2f0!3f0!3m2!1i1024!2i768!4f13.1!3m3!1m2!1s0x4741dc330979a10b%3A0x1bccce02da9bd7ee!2zQnVkYXBlc3QsIE3DqW5lc2kgw7p0IDEwNCwgMTExOA!5e0!3m2!1shu!2shu!4v1713953013819!5m2!1shu!2shu\" width=\"100%\" height=\"450\" style=\"border:0;\" allowfullscreen=\"\" loading=\"lazy\" referrerpolicy=\"no-referrer-when-downgrade\"><\/iframe>[\/et_pb_code][\/et_pb_column][\/et_pb_row][et_pb_row _builder_version=&#8221;4.24.3&#8243; _module_preset=&#8221;default&#8221; theme_builder_area=&#8221;post_content&#8221;][et_pb_column _builder_version=&#8221;4.24.3&#8243; _module_preset=&#8221;default&#8221; type=&#8221;4_4&#8243; theme_builder_area=&#8221;post_content&#8221;][\/et_pb_column][\/et_pb_row][\/et_pb_section]<\/p>\n","protected":false},"excerpt":{"rendered":"<p>Kapcsolat C\u00edm: 1118 Budapest, M\u00e9nesi \u00fat 104. E-mail: info@fonixfaktor.hu Telefonsz\u00e1m: +36 (1) 436-03-40 Telefonos \u00fcgyf\u00e9lszolg\u00e1latunk rendelkez\u00e9s\u00e9re \u00e1ll: h\u00e9tf\u0151: 8.00 \u2013 17.00kedd \u2013 cs\u00fct\u00f6rt\u00f6k 8.00 \u2013 16.00p\u00e9ntek 8.00 \u2013 15.00 Vissza\u00e9l\u00e9s bejelent\u00e9s<\/p>\n","protected":false},"author":1,"featured_media":0,"parent":0,"menu_order":0,"comment_status":"closed","ping_status":"closed","template":"","meta":{"_et_pb_use_builder":"on","_et_pb_old_content":"<!-- wp:divi\/placeholder \/-->","_et_gb_content_width":"","footnotes":""},"class_list":["post-24","page","type-page","status-publish","hentry"],"_links":{"self":[{"href":"https:\/\/fonixfaktor.hu\/index.php\/wp-json\/wp\/v2\/pages\/24","targetHints":{"allow":["GET"]}}],"collection":[{"href":"https:\/\/fonixfaktor.hu\/index.php\/wp-json\/wp\/v2\/pages"}],"about":[{"href":"https:\/\/fonixfaktor.hu\/index.php\/wp-json\/wp\/v2\/types\/page"}],"author":[{"embeddable":true,"href":"https:\/\/fonixfaktor.hu\/index.php\/wp-json\/wp\/v2\/users\/1"}],"replies":[{"embeddable":true,"href":"https:\/\/fonixfaktor.hu\/index.php\/wp-json\/wp\/v2\/comments?post=24"}],"version-history":[{"count":4,"href":"https:\/\/fonixfaktor.hu\/index.php\/wp-json\/wp\/v2\/pages\/24\/revisions"}],"predecessor-version":[{"id":109,"href":"https:\/\/fonixfaktor.hu\/index.php\/wp-json\/wp\/v2\/pages\/24\/revisions\/109"}],"wp:attachment":[{"href":"https:\/\/fonixfaktor.hu\/index.php\/wp-json\/wp\/v2\/media?parent=24"}],"curies":[{"name":"wp","href":"https:\/\/api.w.org\/{rel}","templated":true}]}}