{"id":14,"date":"2024-03-08T11:42:36","date_gmt":"2024-03-08T11:42:36","guid":{"rendered":"https:\/\/fonixfaktor.hu\/?page_id=14"},"modified":"2024-04-25T08:55:04","modified_gmt":"2024-04-25T08:55:04","slug":"szolgaltatasaink","status":"publish","type":"page","link":"https:\/\/fonixfaktor.hu\/index.php\/szolgaltatasaink\/","title":{"rendered":"Szolg\u00e1ltat\u00e1saink"},"content":{"rendered":"<p>[et_pb_section fb_built=&#8221;1&#8243; _builder_version=&#8221;4.24.3&#8243; _module_preset=&#8221;default&#8221; custom_padding=&#8221;||19px|||&#8221; global_colors_info=&#8221;{}&#8221;][et_pb_row _builder_version=&#8221;4.24.3&#8243; _module_preset=&#8221;default&#8221; global_colors_info=&#8221;{}&#8221;][et_pb_column type=&#8221;4_4&#8243; _builder_version=&#8221;4.24.3&#8243; _module_preset=&#8221;default&#8221; global_colors_info=&#8221;{}&#8221;][et_pb_text _builder_version=&#8221;4.24.3&#8243; _module_preset=&#8221;default&#8221; header_font_size=&#8221;32px&#8221; global_colors_info=&#8221;{}&#8221;]<\/p>\n<header class=\"entry-header\">\n<hgroup>\n<h1 class=\"entry-title\" style=\"text-align: center;\">Szolg\u00e1ltat\u00e1saink<\/h1>\n<\/hgroup>\n<\/header>\n<div class=\"entry-content\"><\/div>\n<p>[\/et_pb_text][\/et_pb_column][\/et_pb_row][et_pb_row column_structure=&#8221;1_2,1_2&#8243; _builder_version=&#8221;4.24.3&#8243; _module_preset=&#8221;default&#8221; max_width=&#8221;77%&#8221; global_colors_info=&#8221;{}&#8221;][et_pb_column type=&#8221;1_2&#8243; _builder_version=&#8221;4.24.3&#8243; _module_preset=&#8221;default&#8221; global_colors_info=&#8221;{}&#8221;][et_pb_image src=&#8221;https:\/\/fonixfaktor.hu\/wp-content\/uploads\/2024\/04\/szolgaltatas-1-1024&#215;682-1.jpg&#8221; title_text=&#8221;szolgaltatas-1-1024&#215;682&#8243; align=&#8221;center&#8221; _builder_version=&#8221;4.24.3&#8243; _module_preset=&#8221;default&#8221; width=&#8221;85%&#8221; global_colors_info=&#8221;{}&#8221;][\/et_pb_image][\/et_pb_column][et_pb_column type=&#8221;1_2&#8243; _builder_version=&#8221;4.24.3&#8243; _module_preset=&#8221;default&#8221; global_colors_info=&#8221;{}&#8221;][et_pb_text _builder_version=&#8221;4.24.3&#8243; _module_preset=&#8221;default&#8221; text_font_size=&#8221;21px&#8221; global_colors_info=&#8221;{}&#8221;]<\/p>\n<p>A\u00a0F\u0151nix Faktor K\u00f6vetel\u00e9skezel\u0151 Zrt. klasszikus work-out faktoring tev\u00e9kenys\u00e9gre szakosodott\u00a0p\u00e9nz\u00fcgyi v\u00e1llalkoz\u00e1s. M\u0171k\u00f6d\u00e9s\u00fcnket 2000-ben kezdt\u00fck meg. Megalakul\u00e1sunk \u00f3ta\u00a0tagja vagyunk a\u00a0P\u00e9nz\u00fcgyi V\u00e1llalkoz\u00e1sok Orsz\u00e1gos Egyes\u00fclet\u00e9nek.<\/p>\n<p>A t\u00e1rsas\u00e1g filoz\u00f3fi\u00e1ja, hogy minden k\u00f6r\u00fclm\u00e9nyek k\u00f6z\u00f6tt t\u00f6reksz\u00fcnk a magas szint\u0171\u00a0\u00fcgyf\u00e9lkiszolg\u00e1l\u00e1sra, munk\u00e1nk min\u0151s\u00e9g\u00e9nek \u00e1lland\u00f3 jav\u00edt\u00e1s\u00e1ra, olyan magasan kvalifik\u00e1lt, elhivatott, a\u00a0p\u00e9nzpiac k\u00fcl\u00f6nb\u00f6z\u0151 ter\u00fcletein gyakorlatot szerzett munkat\u00e1rsak felv\u00e9tel\u00e9re, akik naponta\u00a0gondoskodnak a sz\u00ednvonalas, mindenre kiterjed\u0151, az \u00fcgyfelek \u00e9rdekeit messzemen\u0151en szem el\u0151tt\u00a0tart\u00f3 munkav\u00e9gz\u00e9sr\u0151l.<\/p>\n<p>[\/et_pb_text][\/et_pb_column][\/et_pb_row][et_pb_row column_structure=&#8221;1_2,1_2&#8243; _builder_version=&#8221;4.24.3&#8243; _module_preset=&#8221;default&#8221; max_width=&#8221;77%&#8221; custom_margin=&#8221;35px|auto||auto||&#8221; global_colors_info=&#8221;{}&#8221;][et_pb_column type=&#8221;1_2&#8243; _builder_version=&#8221;4.24.3&#8243; _module_preset=&#8221;default&#8221; global_colors_info=&#8221;{}&#8221;][et_pb_text _builder_version=&#8221;4.25.0&#8243; _module_preset=&#8221;default&#8221; text_font_size=&#8221;21px&#8221; hover_enabled=&#8221;0&#8243; global_colors_info=&#8221;{}&#8221; sticky_enabled=&#8221;0&#8243;]<\/p>\n<p>Szorosan egy\u00fcttm\u0171k\u00f6d\u00fcnk a Magyar Nemzeti Bank P\u00e9nz\u00fcgyi Fel\u00fcgyelet\u00e9vel, aj\u00e1nl\u00e1sait magunkra n\u00e9zve k\u00f6telez\u0151nek ismerj\u00fck el.<\/p>\n<p>\u00dcgyfeleinket, partnereinket a F\u0151nix Faktor ZRt. sz\u00e9khely\u00e9n, a <span>C\u00edm: 1118 Budapest, M\u00e9nesi \u00fat 104.<\/span>\u00a0alatt fogadjuk.<\/p>\n<p>[\/et_pb_text][\/et_pb_column][et_pb_column type=&#8221;1_2&#8243; _builder_version=&#8221;4.24.3&#8243; _module_preset=&#8221;default&#8221; global_colors_info=&#8221;{}&#8221;][et_pb_image src=&#8221;https:\/\/fonixfaktor.hu\/wp-content\/uploads\/2024\/04\/mnb.jpg&#8221; title_text=&#8221;mnb&#8221; align=&#8221;center&#8221; _builder_version=&#8221;4.24.3&#8243; _module_preset=&#8221;default&#8221; width=&#8221;85%&#8221; global_colors_info=&#8221;{}&#8221;][\/et_pb_image][\/et_pb_column][\/et_pb_row][\/et_pb_section]<\/p>\n","protected":false},"excerpt":{"rendered":"<p>Szolg\u00e1ltat\u00e1saink A\u00a0F\u0151nix Faktor K\u00f6vetel\u00e9skezel\u0151 Zrt. klasszikus work-out faktoring tev\u00e9kenys\u00e9gre szakosodott\u00a0p\u00e9nz\u00fcgyi v\u00e1llalkoz\u00e1s. M\u0171k\u00f6d\u00e9s\u00fcnket 2000-ben kezdt\u00fck meg. Megalakul\u00e1sunk \u00f3ta\u00a0tagja vagyunk a\u00a0P\u00e9nz\u00fcgyi V\u00e1llalkoz\u00e1sok Orsz\u00e1gos Egyes\u00fclet\u00e9nek. A t\u00e1rsas\u00e1g filoz\u00f3fi\u00e1ja, hogy minden k\u00f6r\u00fclm\u00e9nyek k\u00f6z\u00f6tt t\u00f6reksz\u00fcnk a magas szint\u0171\u00a0\u00fcgyf\u00e9lkiszolg\u00e1l\u00e1sra, munk\u00e1nk min\u0151s\u00e9g\u00e9nek \u00e1lland\u00f3 jav\u00edt\u00e1s\u00e1ra, olyan magasan kvalifik\u00e1lt, elhivatott, a\u00a0p\u00e9nzpiac k\u00fcl\u00f6nb\u00f6z\u0151 ter\u00fcletein gyakorlatot szerzett munkat\u00e1rsak felv\u00e9tel\u00e9re, akik naponta\u00a0gondoskodnak a sz\u00ednvonalas, mindenre kiterjed\u0151, az [&hellip;]<\/p>\n","protected":false},"author":1,"featured_media":0,"parent":0,"menu_order":0,"comment_status":"closed","ping_status":"closed","template":"","meta":{"_et_pb_use_builder":"on","_et_pb_old_content":"<!-- wp:divi\/placeholder \/-->","_et_gb_content_width":"","footnotes":""},"class_list":["post-14","page","type-page","status-publish","hentry"],"_links":{"self":[{"href":"https:\/\/fonixfaktor.hu\/index.php\/wp-json\/wp\/v2\/pages\/14","targetHints":{"allow":["GET"]}}],"collection":[{"href":"https:\/\/fonixfaktor.hu\/index.php\/wp-json\/wp\/v2\/pages"}],"about":[{"href":"https:\/\/fonixfaktor.hu\/index.php\/wp-json\/wp\/v2\/types\/page"}],"author":[{"embeddable":true,"href":"https:\/\/fonixfaktor.hu\/index.php\/wp-json\/wp\/v2\/users\/1"}],"replies":[{"embeddable":true,"href":"https:\/\/fonixfaktor.hu\/index.php\/wp-json\/wp\/v2\/comments?post=14"}],"version-history":[{"count":4,"href":"https:\/\/fonixfaktor.hu\/index.php\/wp-json\/wp\/v2\/pages\/14\/revisions"}],"predecessor-version":[{"id":123,"href":"https:\/\/fonixfaktor.hu\/index.php\/wp-json\/wp\/v2\/pages\/14\/revisions\/123"}],"wp:attachment":[{"href":"https:\/\/fonixfaktor.hu\/index.php\/wp-json\/wp\/v2\/media?parent=14"}],"curies":[{"name":"wp","href":"https:\/\/api.w.org\/{rel}","templated":true}]}}

Szolgáltatásaink

<p>[et_pb_section fb_built=&#8221;1&#8243; _builder_version=&#8221;4.24.3&#8243; _module_preset=&#8221;default&#8221; custom_padding=&#8221;||19px|||&#8221; global_colors_info=&#8221;{}&#8221;][et_pb_row _builder_version=&#8221;4.24.3&#8243; _module_preset=&#8221;default&#8221; global_colors_info=&#8221;{}&#8221;][et_pb_column type=&#8221;4_4&#8243; _builder_version=&#8221;4.24.3&#8243; _module_preset=&#8221;default&#8221; global_colors_info=&#8221;{}&#8221;][et_pb_text _builder_version=&#8221;4.24.3&#8243; _module_preset=&#8221;default&#8221; header_font_size=&#8221;32px&#8221; global_colors_info=&#8221;{}&#8221;]</p>
<header class="entry-header">
<hgroup>
<h1 class="entry-title" style="text-align: center;">Szolgáltatásaink</h1>
</hgroup>
</header>
<div class="entry-content"></div>
<p>[/et_pb_text][/et_pb_column][/et_pb_row][et_pb_row column_structure=&#8221;1_2,1_2&#8243; _builder_version=&#8221;4.24.3&#8243; _module_preset=&#8221;default&#8221; max_width=&#8221;77%&#8221; global_colors_info=&#8221;{}&#8221;][et_pb_column type=&#8221;1_2&#8243; _builder_version=&#8221;4.24.3&#8243; _module_preset=&#8221;default&#8221; global_colors_info=&#8221;{}&#8221;][et_pb_image src=&#8221;https://fonixfaktor.hu/wp-content/uploads/2024/04/szolgaltatas-1-1024&#215;682-1.jpg&#8221; title_text=&#8221;szolgaltatas-1-1024&#215;682&#8243; align=&#8221;center&#8221; _builder_version=&#8221;4.24.3&#8243; _module_preset=&#8221;default&#8221; width=&#8221;85%&#8221; global_colors_info=&#8221;{}&#8221;][/et_pb_image][/et_pb_column][et_pb_column type=&#8221;1_2&#8243; _builder_version=&#8221;4.24.3&#8243; _module_preset=&#8221;default&#8221; global_colors_info=&#8221;{}&#8221;][et_pb_text _builder_version=&#8221;4.24.3&#8243; _module_preset=&#8221;default&#8221; text_font_size=&#8221;21px&#8221; global_colors_info=&#8221;{}&#8221;]</p>
<p>A Főnix Faktor Követeléskezelő Zrt. klasszikus work-out faktoring tevékenységre szakosodott pénzügyi vállalkozás. Működésünket 2000-ben kezdtük meg. Megalakulásunk óta tagja vagyunk a Pénzügyi Vállalkozások Országos Egyesületének.</p>
<p>A társaság filozófiája, hogy minden körülmények között törekszünk a magas szintű ügyfélkiszolgálásra, munkánk minőségének állandó javítására, olyan magasan kvalifikált, elhivatott, a pénzpiac különböző területein gyakorlatot szerzett munkatársak felvételére, akik naponta gondoskodnak a színvonalas, mindenre kiterjedő, az ügyfelek érdekeit messzemenően szem előtt tartó munkavégzésről.</p>
<p>[/et_pb_text][/et_pb_column][/et_pb_row][et_pb_row column_structure=&#8221;1_2,1_2&#8243; _builder_version=&#8221;4.24.3&#8243; _module_preset=&#8221;default&#8221; max_width=&#8221;77%&#8221; custom_margin=&#8221;35px|auto||auto||&#8221; global_colors_info=&#8221;{}&#8221;][et_pb_column type=&#8221;1_2&#8243; _builder_version=&#8221;4.24.3&#8243; _module_preset=&#8221;default&#8221; global_colors_info=&#8221;{}&#8221;][et_pb_text _builder_version=&#8221;4.25.0&#8243; _module_preset=&#8221;default&#8221; text_font_size=&#8221;21px&#8221; hover_enabled=&#8221;0&#8243; global_colors_info=&#8221;{}&#8221; sticky_enabled=&#8221;0&#8243;]</p>
<p>Szorosan együttműködünk a Magyar Nemzeti Bank Pénzügyi Felügyeletével, ajánlásait magunkra nézve kötelezőnek ismerjük el.</p>
<p>Ügyfeleinket, partnereinket a Főnix Faktor ZRt. székhelyén, a <span>Cím: 1118 Budapest, Ménesi út 104.</span> alatt fogadjuk.</p>
<p>[/et_pb_text][/et_pb_column][et_pb_column type=&#8221;1_2&#8243; _builder_version=&#8221;4.24.3&#8243; _module_preset=&#8221;default&#8221; global_colors_info=&#8221;{}&#8221;][et_pb_image src=&#8221;https://fonixfaktor.hu/wp-content/uploads/2024/04/mnb.jpg&#8221; title_text=&#8221;mnb&#8221; align=&#8221;center&#8221; _builder_version=&#8221;4.24.3&#8243; _module_preset=&#8221;default&#8221; width=&#8221;85%&#8221; global_colors_info=&#8221;{}&#8221;][/et_pb_image][/et_pb_column][/et_pb_row][/et_pb_section]</p>

<p>Szolgáltatásaink A Főnix Faktor Követeléskezelő Zrt. klasszikus work-out faktoring tevékenységre szakosodott pénzügyi vállalkozás. Működésünket 2000-ben kezdtük meg. Megalakulásunk óta tagja vagyunk a Pénzügyi Vállalkozások Országos Egyesületének. A társaság filozófiája, hogy minden körülmények között törekszünk a magas szintű ügyfélkiszolgálásra, munkánk minőségének állandó javítására, olyan magasan kvalifikált, elhivatott, a pénzpiac különböző területein gyakorlatot szerzett munkatársak felvételére, akik naponta gondoskodnak a színvonalas, mindenre kiterjedő, az [&hellip;]</p>
